- (-45)/p. Let s(r) = -r**2 + 5*r + 5. What is the units digit of s(b)?
9
Let d(w) = w**2 + 5*w - 4. What is the units digit of d(-14)?
2
Let l = -5 - -44. What is the tens digit of l?
3
Suppose -5*r - g = 8 + 2, 4*g = -3*r + 11. Let f = -43 - -34. What is the units digit of r - f - (0 - 3)?
9
What is the tens digit of 11/(495/36)*1790/4?
5
Suppose -q = 4*q. Suppose 0 = -4*r + 3*c + 36, q = 4*r - 7*r - 3*c + 27. What is the units digit of r?
9
Let j be (-16)/(-20)*(1 + 39). Suppose 11 = -u + j. What is the tens digit of u?
2
Suppose 3*s = 4*s + 51. Let p = -1 - s. Let z = 70 - p. What is the tens digit of z?
2
Let w be (-3)/9 - 2/(-6). Suppose -5*u - 22 + 117 = w. What is the tens digit of u?
1
Suppose 3*b - 63 = 3*j, b - j + 11 = 2*b. Suppose 3*h = -h + b. Suppose -16 = -r + h*n, 2*n - 10 = -r - 0*r. What is the units digit of r?
2
Let z be (-21)/(-12) + (-2)/(-8). Let p = 4 - z. Suppose -5*y - 4*s = -10*y + 40, 0 = -3*y - 2*s + p. What is the units digit of y?
4
Let n(z) = -2*z**2 - 4*z + 8. Let p be n(-5). Let s = 35 + p. What is the tens digit of s?
1
Let l(k) = -k**3 + 9*k**2 + 13*k + 2. What is the tens digit of l(10)?
3
Suppose -2*f + 0*f = -8. Suppose -f*j = -4*s + 16, 0 = 2*j - 5*j + 4*s - 17. What is the units digit of j?
1
Let f(i) = i**2 - 4. Let a be f(-3). Suppose -2*l + a = 3*r - 2*r, 3*r + l - 15 = 0. What is the units digit of r?
5
Suppose -4*g = -c - 33, 2*g - 64 = 3*c + 15. Let r = c + 51. What is the tens digit of r?
2
Suppose -26*z + 22*z + 368 = 0. What is the tens digit of z?
9
Let z(w) be the second derivative of -w**4/12 + 5*w**3/6 + 7*w**2/2 + 3*w. What is the units digit of z(5)?
7
Suppose -2*p = -0*p. Let z be (1 + -2 - p)*-5. Let g = z + -3. What is the units digit of g?
2
Suppose -f = 4*s - 6*s + 8, -6 = 3*f. Suppose -s*x + 2*z + 96 = -2*z, -4*x - 3*z + 103 = 0. What is the tens digit of x?
2
Suppose -t - 5*f = -4*t + 97, -3*t = -3*f - 87. What is the tens digit of t?
2
Let a = 87 + -17. What is the tens digit of a?
7
Let g(v) = 12*v - 5. What is the tens digit of g(4)?
4
Suppose -36 = -r + 3*r. Let u = 8 + r. What is the units digit of 6/15 + (-76)/u?
8
Let t(u) = -u + 9. Let j be t(0). Let g = 2 + j. What is the units digit of g?
1
Let g = -21 - -29. Suppose -g = -n + 3*n, -a = 4*n + 12. Suppose a = y + y. What is the units digit of y?
2
Suppose -154 = -5*v + 4*u + 39, 2*u + 189 = 5*v. What is the units digit of v?
7
Let q = 263 - -10. What is the hundreds digit of q?
2
Let k(s) = 26*s - 16. What is the tens digit of k(5)?
1
Suppose -3*l + 4*l - 2 = 0. Suppose 4*z - l*z - 6 = -2*v, 5*v = -2*z + 21. What is the units digit of v?
5
Suppose -2*c + 199 = 4*o - 39, -4*c - 2*o = -488. What is the hundreds digit of c?
1
Suppose -4*k - 6 = -9*k + 4*n, 3 = 3*n. What is the tens digit of k/(-7) - 1604/(-28)?
5
Let k(r) = 2*r**2 + 6*r + 2 - 4 - 3*r**2. Let o be k(5). Suppose -5*x - 2 = o*m, -5*m + 4*m - x + 2 = 0. What is the units digit of m?
6
Let p(m) = -m**3 + m**2 + m + 21. Let u(j) = j**2 - 15*j + 17. Let x be u(13). Let l = x + 9. What is the units digit of p(l)?
1
Let a = -36 - -64. What is the units digit of a?
8
Let h = 69 + 151. What is the hundreds digit of h?
2
Let w = 471 - 243. What is the units digit of w?
8
Let p = 4 - 2. Let l(m) = -m**2 - 7*m + 3. Let a be l(-7). Suppose -a*d + 25 = p*d. What is the units digit of d?
5
What is the units digit of (6/(-12*1))/((-2)/4)?
1
Let b = -8 + 2. Let p(s) = s**2 + 6*s + 1. What is the units digit of p(b)?
1
Let o = -16 - -27. Let z(r) = r**3 + 3*r**2 + 2*r. Let l be z(-2). Suppose l = 2*f - 2*s + s - o, 0 = 2*s - 10. What is the units digit of f?
8
Let r(c) = c + 65. Let t be r(0). Suppose -t = -q - 4*q. What is the units digit of q?
3
Let o(b) = -b**2 + 2*b. Suppose 9 = -3*q - 3. Let s = -3 - q. What is the units digit of o(s)?
1
Let v(z) = -16*z - 22. What is the hundreds digit of v(-9)?
1
Let f(z) = 0 - 12*z**3 - 4*z + 9*z**3 + 2*z - 2. What is the units digit of f(-2)?
6
Let h(j) = j - 4. Let n be h(-4). Let l(i) = i**3 + 7*i**2 - 12*i - 12. What is the units digit of l(n)?
0
Let l(r) = 2*r**2 + 2*r + 2. Let n be l(-2). Let p(k) = k + 2. What is the units digit of p(n)?
8
Suppose 5*z - 5 = 10. Suppose 3 + 75 = z*o. Let h = 36 - o. What is the tens digit of h?
1
Let v = 172 + 143. What is the hundreds digit of v?
3
Let k be 1 + -1 + 8/4. Suppose 0 = -k*c - o + 21, -54 = c - 6*c - o. What is the units digit of c?
1
Suppose -4*u = -0*u - 16. What is the units digit of 9 + -1 + (-8)/u?
6
Let v(d) = -22*d - 1. What is the units digit of v(-2)?
3
Let t = 15 + -7. Let z = -2 + t. What is the units digit of z?
6
Suppose -h = -5*m - 77 - 95, 2*h - 299 = m. What is the tens digit of h?
4
Suppose 0 = 3*s + 9, 3*m - 5*s = 5*m + 7. Let p be (-1362)/(-30) + m/(-10). Suppose -2*i = i - p. What is the units digit of i?
5
Let l be (-1 + -3)/4*0. Suppose 4*h - 16 - 68 = l. What is the units digit of h?
1
Let p(t) = -t**3 + 8*t**2 + 7*t + 7. What is the units digit of p(8)?
3
Suppose -6 + 22 = 4*d. Suppose 5*t - 101 - d = 0. What is the tens digit of t?
2
Suppose u - 11 - 38 = 2*n, 2*n + 4*u + 24 = 0. Let m = -2 - n. Suppose -3*d = d - m. What is the units digit of d?
5
Let k(o) = 30*o**2 + o + 2. What is the units digit of k(-1)?
1
Let p = 40 - 29. Suppose 12 = 4*o, 4*c + 0*c - 3*o = p. What is the units digit of c?
5
Let k(l) = -104*l**3 - 1. What is the hundreds digit of k(-1)?
1
Let f(j) = 13*j. What is the units digit of f(1)?
3
Let j = -7 + 8. What is the tens digit of 1*(-12)/(j - 2)?
1
Let h = -45 - -108. What is the units digit of h?
3
Suppose -g = -3*g + 2. Let n be 0 - -2*2*16. What is the units digit of (g/2)/(2/n)?
6
Let j be 5 - (4 + -1 - 3/(-3)). Let i(p) = -10*p**3 - p**2 + 4*p + 3. Let u(q) = q**3 + q + 1. Let o(v) = -i(v) + 3*u(v). What is the tens digit of o(j)?
1
Let n = -5 - -7. Suppose 2*q + 8 = n*x + 3*q, -9 = -x - 3*q. What is the units digit of x?
3
What is the tens digit of ((-2146)/(-14) - 3) + (-6)/21?
5
Let g = 10 - 9. What is the units digit of g?
1
Let v(m) = 2*m + 2. What is the tens digit of v(4)?
1
Let u = -26 - 14. Let g = u + 81. What is the tens digit of g?
4
Let v(p) = 2 + 3*p**2 - 4 + 2*p + 0*p. Suppose d + 3 = 1. What is the units digit of v(d)?
6
Suppose -4*m - 9 = 2*b + 1, -b - 3*m = 8. Let a be (2 + -2 - 1)*-1. What is the units digit of 1 + a/(b/8)?
9
Let i = -1 - -13. What is the units digit of 2/i - 262/(-12)?
2
Suppose -z + j = -4, 4*z - 3 - 11 = 2*j. Let r = -2 - 0. What is the units digit of (r/(-4))/(z/30)?
5
Suppose y - 33 = -4*m, -3*y + 2*m = 2*y - 231. Suppose y = -o + 6*o. What is the units digit of o?
9
Let h be ((-12)/18)/((-4)/(-42)). Let o = h - -18. What is the units digit of o?
1
Let i(v) be the third derivative of v**4/24 + 11*v**3/6 - v**2. What is the tens digit of i(0)?
1
Suppose 75 = 4*h + h. What is the units digit of ((-12)/15)/((-6)/h)?
2
Let h(y) = 2*y + 47. What is the units digit of h(13)?
3
Let w = -18 - -10. Let i(h) = h**3 - 6*h**2 - 2*h + 8. Let a(n) = -6*n**3 + 29*n**2 + 11*n - 41. Let c(g) = 2*a(g) + 11*i(g). What is the units digit of c(w)?
6
Let k(t) = -t - 2. Let r be k(4). Let i(l) = l + 8. Let g be i(r). Suppose -g*n + 0 = -2. What is the units digit of n?
1
Let u = -30 + 55. Let v = -17 + u. What is the units digit of v?
8
Let c(l) = 13*l - 32. Let b(g) = -4*g + 11. Let i(a) = -7*b(a) - 2*c(a). Suppose 0 = -9*s + 4*s + 45. What is the units digit of i(s)?
5
Let n(f) = -5*f**2 - f**3 + f**2 - 7*f**2 + 2*f**3 + 11. What is the units digit of n(11)?
1
Suppose 1 = -2*p + 63. Let u = 43 - p. What is the units digit of (1 - -1)/(2/u)?
2
Let g = -9 - -13. Let o = g - 6. What is the units digit of (o + 2 + -3)*-2?
6
Let k = -9 - -11. Suppose k = 13*a - 11*a. What is the units digit of a?
1
Let k be (4/(-5))/(1/20). What is the units digit of 12*((-60)/k)/3?
5
Let c be -2 + (16/2 - 2). Suppose 4*d - 5*z = 13, 3*z - c = -3*d - 1. Suppose -3 = -u - d. What is the units digit of u?
1
Let o be (-3 + 0)/3*-5. Let g = 8 - 2. Suppose 4*k - 1 = o*n - 16, -k - g = -2*n. What is the units digit of n?
3
Let o(t) = -t**2 + 10*t - 7. Suppose -2*a - 3 - 1 = -4*f, -a + 4*f - 12 = 0. What is the units digit of o(a)?
9
Let l(w) = 8*w**2 + w + 1. Suppose 5*q = 2*j + 2*j - 10, 4*q - 4*j = -12. Let v be l(q). Suppose -v = 